
What is the value of 2 - (9 - (8 + -4) - 4)?
1
What is (-13 + 7 - 1) + 7?
0
Calculate 6 - 1 - -1 - 7.
-1
Evaluate 1 + (13 + -7 - 3).
4
Calculate -2 - 1 - ((5 - 1) + 0).
-7
What is the value of 3 - -1 - (3 + 1)?
0
What is -1 - (-6 + 1 + 0)?
4
3 - 1 - 1 - (1 + -2)
2
Evaluate (29 - 25) + 0 + 0.
4
What is the value of 18 - (-13 + (5 - -19))?
7
What is the value of 1 + (0 - (9 - 0))?
-8
What is (239 - 233) + (-6 - (-1 + 0))?
1
What is 2 + (-2 - 3) + 4?
1
Evaluate -11 + (5 + 4 - 5).
-7
What is -1 + 6 - (-41 - -39)?
7
11 + -8 - (9 + -1)
-5
What is 11 - (-6 + 25 - 9)?
1
What is the value of 12 - 9 - (0 + (2 - 0))?
1
What is the value of -7 + (11 - 7) + 3?
0
(23 - 23) + -1 + 1 + 5
5
Calculate (9 - 0) + -2 + -4.
3
Evaluate -2 + 0 + 4 + -5.
-3
What is -3 - -5 - (2 - -1) - -5?
4
Evaluate (-8 - 1) + 5 + 1.
-3
What is the value of (-2 - (-2 + 0)) + 11 + -9?
2
Evaluate (-83 - -92) + -4 + (0 - -1).
6
Evaluate -3 + (-1 - -1) + 12 + -10.
-1
Calculate (-13 - -7 - -9) + -8.
-5
-6 + (9 - (6 - -2))
-5
What is the value of -19 - -8 - -6 - -5?
0
What is the value of -1 + -2 - 1 - (2 - 7)?
1
What is -4 + 1 + (-1 - 7) + 12?
1
What is 5 - (5 + 5 + (1 - 8))?
2
What is the value of -4 + (-2 - -9) + -8 + 9?
4
Evaluate (-6 - -4) + -4 + 7.
1
What is the value of 0 + (2 - 7) + 4 + -5?
-6
Evaluate 0 - -1 - (-5 + (-2 - -3)).
5
Calculate -3 + (-3 - 1) + 4.
-3
Calculate -1 + (-1 - (0 + -2 + 0)).
0
What is the value of 0 - (-10 - (3 - 4))?
9
What is -1 + 10 + -49 + 33?
-7
-4 - (-13 + 18 - (4 - 1))
-6
7 + -4 - (0 - (5 - 6))
2
What is the value of 0 + (-6 - -11) + -7 + -2?
-4
What is (7 - 7) + (6 - 1)?
5
Evaluate -11 + 5 - -13 - 10.
-3
(3 - -1) + 4 + -3 + -2
3
1 + 2 - (6 + -6)
3
Evaluate 9 + -13 + (3 - -2).
1
Calculate (1 - -2 - 0) + -26 + 17.
-6
Calculate 4 + 2 + -8 + 3.
1
4 + (-4 - (-7 - -3))
4
-2 + 3 + 1 - (1 + -2)
3
Calculate 2 - ((-1 - -1) + -17 + 16).
3
What is 2 + -4 + -7 + (4 - -1)?
-4
What is the value of 1 - 0 - (-11 - (-1 + -5))?
6
Evaluate 3 - ((2 - 6) + 8).
-1
What is the value of -1 + 2 + (-7 - -3) - -3?
0
-2 + 7 + -3 + 2 + -4
0
What is -3 + (2 - 4) + 1?
-4
What is -1 + (-11 - (-18 - -14))?
-8
12 - -3 - 5 - 16
-6
Calculate 5 - 11 - (-10 - -4).
0
Evaluate (2 + -7 - -3) + (0 - 1).
-3
Calculate -1 - (1 - (6 + -1)).
3
-5 + -2 + (-2 - -4) - -1
-4
What is the value of 3 + (3 - (-1 + 3 + 0))?
4
Calculate 5 + 4 + (-4 - 9).
-4
-2 - (1 + 0) - (118 + -123)
2
Calculate -8 + -5 + (1 - -8) - 0.
-4
Calculate 0 + (3 - -6) - (6 - 1).
4
What is 18 + 19 + -24 - (5 - -1)?
7
(-7 + (-10 - -8) - -1) + 14
6
Evaluate 2 + -6 + 0 + -1.
-5
Calculate -1 + (-4 - -6) + 2.
3
What is the value of -13 + 29 + -11 + -12?
-7
What is the value of (-5 - (-4 + -1)) + (3 - 2)?
1
Evaluate -3 + 2 + 1 + 5.
5
Evaluate -3 + 3 + 3 + -1.
2
What is 7 - (-1 - (-4 - 0))?
4
Calculate -36 + 38 - (-1 + 4).
-1
Evaluate (1 - 0) + 55 + -50.
6
(2 - 1) + -4 + 2
-1
Calculate (-9 - -11 - 12) + 8.
-2
What is the value of -3 - (0 - -3 - 10)?
4
(1 - -1) + 0 + 2
4
What is the value of 1 + (10 - 14) + 6 + 0?
3
Calculate 4 - (8 - (3 - -1)).
0
What is the value of -1 - (1 + -2) - (112 - 115)?
3
What is 7 + 1 + (1 - (1 - -4))?
4
-3 + 4 + (1 - -6)
8
Calculate (-13 - -7) + 4 - (-4 + 1).
1
Evaluate 0 - -2 - (-1 + 3) - 1.
-1
What is the value of -8 + (1 - (6 + -7))?
-6
Evaluate 0 + 3 + (2 - 3) + 1.
3
What is -1 - -1 - (-10 - -10)?
0
What is the value of (1 - (2 + 3)) + 1 - 1?
-4
What is -3 - (3 - 4) - 3?
-5
-4 - (-2 - (-5 - -8))
1
-3 + 1 + 4 + 5 + 0
7
What is the value of 3 + (2 - -3 - 9)?
-1
What is the value of -1 - (-7 - -14 - (2 + 3))?
-3
(-2 - (-8 - -2)) + 0 + -2
2
What is the value of 7 - (-2 + 6 + 0) - 7?
-4
Calculate 5 + 6 + (-2 - 10).
-1
Calculate 3 + 0 + -2 + (-2 - 0).
-1
What is the value of 0 - (4 - 4 - 1) - 11?
-10
What is -2 + -7 - (-41 - -36)?
-4
Calculate -1 + 0 + 0 - 3.
-4
What is the value of 10 - (10 + -7 + 6)?
1
What is the value of 4 + -1 + -8 + (-2 - -11)?
4
What is the value of 9 + -3 + -2 - 2?
2
What is 14 - 8 - (11 + -2)?
-3
What is 0 + (-2 - (3 - 1 - 5))?
1
Evaluate 5 - (4 - (13 - 4) - -12).
-2
Calculate -8 - (-3 - (12 - 6 - 6)).
-5
What is the value of 4 + 1 - (22 + -11)?
-6
2 + -7 + -1 - -5
-1
Calculate 4 - (4 - (6 + -4)).
2
Calculate -34 + 36 + (2 - 6) + 2.
0
What is -2 - (-10 + 30 + -14)?
-8
-4 + (-2 - 0) + 6
0
Evaluate (-4 - 7) + 4 - -9.
2
-5 + -1 + (4 - -3)
1
What is 1 - (7 - (2 + 6))?
2
What is the value of -3 + 13 - (3 - 2)?
9
What is -8 - -3 - (-6 - 0)?
1
0 + 6 - (8 + 0 + -5)
3
What is the value of (10 - (23 + -14)) + (1 - 7)?
-5
What is -1 + (3 + -3 - 2)?
-3
Calculate (-4 - (-6 + 1)) + -1 - -4.
4
-1 + (-1 - (-3 - 0) - -3)
4
Calculate 5 + 4 + -3 + -11.
-5
1 + -3 - (-28 + 24)
2
Evaluate -1 - (-11 - (-11 + 4)).
3
What is the value of -3 + -6 - -3 - -4?
-2
What is -6 - (12 + (-13 - 8))?
3
What is -3 + (-6 - -3) + 3 - -4?
1
What is -3 + 1 + -5 + (0 - -6)?
-1
What is 1 + 1 + (7 - 10)?
-1
What is the value of -5 - -1 - (2 + -2) - -9?
5
Evaluate -4 + -1 + -3 + 4.
-4
Calculate 5 + -5 + (1 - 2).
-1
What is the value of 4 + -3 + 0 + 0 + 1?
2
3 + (3 - (-6 + 8))
4
(-7 - 0) + (-1 - -2) + 1
-5
What is the value of -7 + 4 + 1 + 2?
0
Evaluate -49 - -49 - (0 + 3) - -2.
-1
1 - (-1 + (2 - (1 - -1)))
2
Calculate (12 - 9) + -13 + 18.
8
What is the value of 1 + -5 - (-12 + 10) - -1?
-1
What is the value of 4 + (6 - 5) + (-8 - -1)?
-2
5 + (0 - 9) - -3 - -3
2
Calculate 15 + -12 - -1 - (1 - 0).
3
Calculate -5 + 3 + -2 + 6 + 2.
4
What is the value of -2 + (-10 - -7 - -1)?
-4
What is (-3 - 1 - (-20 - -16)) + 2?
2
(-4 - 2) + (8 - -1)
3
Calculate (8 + -9 - 5) + 3.
-3
Evaluate -2 - (7 + -3 - 4 - 4).
2
Evaluate 3 + (-11 - -2 - -4).
-2
(2 - 4 - -5) + -1
2
4 - (2 - 4) - 7 - 1
-2
What is the value of -2 - ((4 - 2) + -3)?
-1
What is the value of (4 + -4 - 0) + -2 + 5?
3
What is the value of 3 + (-1 - (0 - -4))?
-2
What is the value of -2 - (-1 + 4 + -1)?
-4
-1 - ((5 - 1) + -2)
-3
What is the value of -10 + 9 - (-5 + 1)?
3
What is -1 + (-10 - -8) + 6?
3
8 + -20 - -17 - 13
-8
What is the value of 5 - 14 - (6 - 22)?
7
What is the value of -9 + 11 + 0 + 0?
2
Evaluate (9 - 5) + 13 + -7 + -6.
4
Calculate 2 + 4 + (2 - 15 - -9).
2
What is 1 + 1 - 5 - (3 + -5)?
-1
Evaluate 1 + -5 + 3 + (1 - 1).
-1
Evaluate (14 - 7) + -7 + -3 + 1.
-2
Evaluate -6 + (5 - (1 + -6)) + 0.
4
Calculate -9 - -3 - (-11 + -2 + 3).
4
What is -2 + 4 - (1 + -3 - 1)?
5
Evaluate 0 + (2 + -10 - -7).
-1
-6 - -3 - (-2 + (-7 - -4))
2
Calculate -2 - (5 - 2 - 8).
3
Evaluate 7 - (3 - (5 - 1) - -3).
5
What is -5 + 9 + -4 + 4?
4
Calculate (-8 - -4) + (-1 - -1).
-4
5 - (5 - 2 - (9 + -12))
-1
Evaluate -1 + -2 + -15 + (-4 - -12).
-10
Calculate -1 - (-1 - -1 - (-24 - -30)).
5
Evaluate 4 - (1 - -1 - -6).
-4
What is the value of -5 + (9 - -1 - 0)?
5
What is -2 + -1 + 8 + 0 - 11?
-6
Calculate 4 + -6 - (-3 + 0).
1
What is the value of 3 + (-1 - -3) - 4?
1
What is the value of (0 - 5) + 2 - 0?
-3
-8 + 1 + (17 - 15) + 1
-4
What is -9 - (-7 - -4) - -11?
5
What is 2 + -1 + -2 - (-3 + -2)?
4
Evaluate -1 - (4 - 4) - -2.
1
Calculate (-2 - -1) + (-5 - 2) + 12.
4
-1 + 9 + -5 + 0 + -1
2
What is (-1 - 6) + 1 + 5?
-1
Evaluate -1 + -19 + 4 - -9.
-7
What is 0 + (-7 + 0 - (-47 + 47))?
-7
Calculate -2 + 6 + (6 + -2 - 4).
4
0 + 9 + -7 + (0 - -4)
6
Evaluate -1 + (6 - 2) + -4 + -2.
-3
Calculate 6 + (-1 - 1) - (-6 - -12).
-2
What is 1 + -4 - 4 - -4?
-3
What is the value of 3 + -5 + -2 + 2?
-2
7 + 9 + -12 - 3
1
-10 - (-6 - (1 - -3))
0
Calculate 3 - (-3 + 0 + -1 + 5).
2
Evaluate 3 - (5 + -2 + -2).
2
Evaluate -2 + (38 + -33 - (1 + -1)).
3
(-10 - (0 - 3)) + 0 - -3
-4
What is the value of (1 - 1) + -2 - (-65 - -67)?
-4
Evaluate -4 - (-3 + 4 - 1).
-4
Evaluate (-5 - -2 - -2) + 3.
2
What is -4 + (6 - 4 - -2)?
0
(-18 - (0 - 14)) + 3
-1
What is (-2 - (7 + -2 + -3)) + 1?
-3
What is the value of (2 - (2 + 1)) + 1?
0
What is (3 - -4) + (1 - 13)?
-5
-2 - (0 - (-3 - -1)) - -3
-1
Evaluate -1 + -3 + (12 - 3).
5
Evaluate 4 - (10 - (2 - 1)).
-5
What is the value of (1 - -2) + -6 + 13 + -8?
2
5 - (6 - (-1 - -3) - 0)
1
Calculate 1 + 3 - -2 - (4 + -3).
5
What is 2 - (1 - (8 - (2 + 5)))?
2
What is the value of 1 - -1 - (-2 + 8)?
-4
What is the value of (-4 - -7) + -8 - (-19 - -8)?
6
Calculate 14 - (10 - -1) - -3.
6
What is the value of -1 + 0 - (7 + -1 - 2)?
-5
Evaluate 2 - (-1 - -6) - (-6 - -1).
2
What is the value of -4 - (-1 + -3 +